t is -2122211221 (base 3) in base 8?
-146232
Convert -13b76b4 (base 12) to base 5.
-2004124142
What is -207f (base 16) in base 13?
-3a2c
What is 54353334 (base 6) in base 3?
10001010221211
-147927 (base 10) to base 7
-1154163
-54623 (base 11) to base 12
-39a68
What is -37734352 (base 8) in base 10?
-8370410
What is -43304041 (base 5) in base 16?
-5a277
1a5047 (base 11) to base 15
63147
183166 (base 9) to base 3
12210012020
Convert 199952 (base 15) to base 2.
100110000100011110101
Convert 3212110110 (base 4) to base 10.
943380
Convert 130204353 (base 6) to base 9.
4684636
Convert 134354246 (base 7) to base 13.
1a80a30
-1010110101322 (base 4) to base 11
-a122210
-40320031 (base 5) to base 14
-85a97
Convert 109c54c (base 14) to base 7.
124141025
What is 1122305323 (base 6) in base 16?
bdbe53
Convert 280726 (base 9) to base 2.
101001110010101001
Convert 107884 (base 11) to base 3.
22201011012
-1233326 (base 7) to base 14
-42286
Convert 2be0d (base 15) to base 11.
97381
-102112201011 (base 3) to base 8
-673644
Convert -7346b (base 15) to base 9.
-616332
What is -47b806 (base 14) in base 10?
-2451966
Convert 2134740 (base 9) to base 11.
7123a0
Convert 431012205 (base 6) to base 11.
4326062
-430533 (base 7) to base 6
-1333500
What is -488857 (base 13) in base 15?
-2435aa
a16c0 (base 13) to base 11
188127
Convert -11312210 (base 4) to base 3.
-1012212212
What is 1122020100020 (base 3) in base 10?
870675
Convert 105819 (base 11) to base 13.
5ba26
102202310123 (base 4) to base 7
56214425
-10130020 (base 7) to base 6
-30055531
What is c00966 (base 16) in base 14?
19586b4
369bd (base 16) to base 8
664675
What is -1011110111101010101011 (base 2) in base 4?
-23313222223
-6d7 (base 16) to base 10
-1751
36131223 (base 8) to base 6
441312311
122012 (base 9) to base 16
11fa8
Convert -43415352 (base 6) to base 4.
-10323300110
-c473c (base 16) to base 15
-10d648
Convert -107f6 (base 16) to base 11.
-46851
393855 (base 12) to base 10
939521
What is 606513 (base 7) in base 12?
4b843
111110101010110111 (base 2) to base 12
104673
What is 2183656 (base 11) in base 8?
16460641
What is -527341 (base 8) in base 16?
-2aee1
What is -3133110232 (base 4) in base 6?
-31334514
Convert 122330 (base 7) to base 14.
8287
Convert 29001d (base 16) to base 2.
1010010000000000011101
-a541 (base 13) to base 2
-101100101010100
What is 10001101 (base 2) in base 10?
141
Convert 283372 (base 13) to base 3.
1211200221001
Convert -3940a1 (base 12) to base 14.
-1a689b
Convert -2120012 (base 4) to base 15.
-2d3e
Convert 320020321 (base 4) to base 8.
701071
What is -10010100110100101100001 (base 2) in base 13?
-10198b3
Convert 24208434 (base 9) to base 5.
11011102422
-18299 (base 10) to base 16
-477b
-b01e0 (base 15) to base 16
-880fe
Convert -fc28 (base 16) to base 14.
-1974c
What is 2220023442 (base 5) in base 13?
1008677
Convert -177322 (base 8) to base 5.
-4041414
-110230231 (base 4) to base 13
-2c788
Convert -18aa83 (base 12) to base 13.
-122442
What is -15c706 (base 14) in base 7?
-6332006
What is -460a41 (base 14) in base 8?
-11057701
What is -199a020 (base 11) in base 14?
-638a13
-4600033 (base 7) to base 2
-10001011100001000110
Convert -10310002101 (base 4) to base 6.
-43013133
What is 20033124 (base 5) in base 4?
212231023
-323127 (base 9) to base 8
-570062
-27a43a (base 13) to base 6
-32404320
What is 100486 (base 16) in base 4?
10000102012
What is -247250 (base 10) in base 8?
-742722
Convert 1d4cdb (base 15) to base 2.
101011110000100110010
2014312023 (base 5) to base 9
7563311
What is 1324202 (base 6) in base 3?
10201211202
Convert 3fffe (base 16) to base 11.
169a51
Convert 644323 (base 7) to base 15.
232a7
Convert 58cbc6 (base 13) to base 15.
2bb293
-120120211111 (base 3) to base 4
-1022321203
What is -6c1592 (base 13) in base 3?
-11211202101102
Convert 87800 (base 9) to base 3.
2221220000
Convert -203313100111 (base 4) to base 15.
-c5a8ca
Convert 963b94 (base 12) to base 15.
31c6c4
What is 16698a8 (base 11) in base 10?
2838778
-42643343 (base 7) to base 10
-3641123
11000100110010010001 (base 2) to base 11
500648
Convert 27610 (base 10) to base 9.
41777
-713311 (base 8) to base 2
-111001011011001001
-5102454 (base 6) to base 8
-730002
Convert 128a39 (base 11) to base 8.
612771
Convert -101010110011101100011 (base 2) to base 8.
-5263543
Convert 1773a36 (base 11) to base 4.
23132002313
What is -93618 (base 11) in base 16?
-2153b
Convert 117097 (base 12) to base 8.
1046263
Convert 242344 (base 10) to base 6.
5105544
Convert 526152 (base 7) to base 10.
90981
What is -1001101000000110 (base 2) in base 12?
-1a99a
-1910030 (base 12) to base 15
-6d9699
What is -1010444522 (base 6) in base 4?
-213221311202
What is 109865 (base 10) in base 6?
2204345
What is -5542c8 (base 13) in base 9?
-3701203
103122014 (base 5) to base 8
1537426
What is 37c81 (base 14) in base 3?
20221211011
Convert 1011000110000010 (base 2) to base 9.
68301
Convert -225052554 (base 6) to base 12.
-148715a
Convert 225642 (base 10) to base 13.
7b921
What is -217a (base 15) in base 9?
-10647
234578 (base 10) to base 14
616b8
-30044422 (base 5) to base 11
-152478
Convert -4338 (base 12) to base 3.
-101010122
Convert -e5f7 (base 16) to base 8.
-162767
-442b (base 13) to base 15
-2c36
What is 1020012331 (base 4) in base 11?
1919a7
-2e05e (base 15) to base 10
-148589
251bdd (base 14) to base 12
514707
What is 512113 (base 7) in base 14?
23ab3
-1302434 (base 6) to base 8
-211666
What is 100001101111111010 (base 2) in base 14?
3853c
32133043 (base 7) to base 2
1010011010101111110101
Convert a6a85a7 (base 11) to base 15.
19c21eb
Convert 43672217 (base 8) to base 4.
203313102033
What is 232831a (base 11) in base 12?
1441425
11010010011100101111011 (base 2) to base 10
6895995
-23123411 (base 5) to base 15
-41956
Convert -350055253 (base 6) to base 14.
-bdb2a5
Convert -24099 (base 13) to base 5.
-4103121
16a954 (base 12) to base 7
3221350
Convert -ba600 (base 14) to base 15.
-8da47
-1471324 (base 9) to base 16
-c6dde
-6177ba (base 13) to base 8
-10527412
What is 516375 (base 9) in base 12?
12944b
4e8676 (base 16) to base 11
29a5491
Convert 1562416 (base 8) to base 12.
1995a6
-23603 (base 10) to base 3
-1012101012
What is 682997 (base 12) in base 5?
411214442
What is -241021 (base 8) in base 9?
-135080
What is 301830 (base 10) in base 2?
1001001101100000110
-285a4 (base 15) to base 5
-13121104
Convert -12142 (base 6) to base 10.
-1790
What is -12331301321 (base 4) in base 7?
-21343235
35514103 (base 6) to base 11
6a10aa
-2175649 (base 10) to base 3
-11002112102121
What is -323bb (base 16) in base 2?
-110010001110111011
What is -12000112121 (base 3) in base 6?
-2041241
-11011002000 (base 3) to base 10
-81702
-665523 (base 8) to base 9
-371341
-54568 (base 10) to base 12
-276b4
101110001110111111111 (base 2) to base 16
171dff
135548 (base 11) to base 13
75819
Convert -25301100 (base 6) to base 3.
-1112111100100
-3201332330 (base 4) to base 3
-1202000201112
Convert 120101012212000 (base 3) to base 14.
112a571
What is 20314404 (base 7) in base 11?
a62390
-22222021202 (base 3) to base 6
-3441415
Convert 2022002011111 (base 3) to base 8.
4522445
Convert 21110111221202 (base 3) to base 16.
3c85f7
What is 2120a (base 12) in base 11?
2a754
Convert 2212112100122 (base 3) to base 10.
1526057
-26b6a8 (base 13) to base 16
-e5507
20011100100111 (base 3) to base 5
1314233240
What is -145432545 (base 6) in base 8?
-13550561
26cffa (base 16) to base 2
1001101100111111111010
Convert 67317a7 (base 11) to base 7.
202215623
What is -166027 (base 9) in base 4?
-121012132
22224343 (base 5) to base 6
4105314
Convert -1140432 (base 10) to base 12.
-46bb80
Convert -17bda (base 16) to base 10.
-97242
Convert -56292 (base 10) to base 9.
-85186
What is -24d06 (base 15) in base 11?
-80463
Convert 3843348 (base 9) to base 15.
2b5d08
Convert -27cca2 (base 13) to base 5.
-222033122
53907 (base 12) to base 9
177107
22200100010 (base 3) to base 7
1311024
326ae (base 15) to base 10
160139
Convert 2565353 (base 7) to base 9.
561362
Convert 1425267 (base 10) to base 3.
2200102002200
What is 19907 (base 14) in base 7?
360110
Convert -1d78ba (base 14) to base 13.
-2b084b
-13253503 (base 6) to base 16
-6c18f
b25a71 (base 12) to base 14
528473
Convert -4222640 (base 8) 